v(a) = a**3 - 3*a**2 - 3*a - 6. Give v(4).
-2
Let h(k) = -k**2 - 5*k - 1. What is h(-6)?
-7
Let c(z) = -3*z + 2. Calculate c(0).
2
Let v(f) = 3*f - 19. Give v(6).
-1
Let q(c) = -2*c**2 - 5*c + 3. What is q(-4)?
-9
Let q(z) = -z**2 + 6*z + 10. What is q(8)?
-6
Let m(q) = -2*q**2 + 28*q + 55. Determine m(16).
-9
Let x(k) = k**3 - 8*k**2 - 7*k + 117. Determine x(6).
3
Let z(d) = -3*d**3 + 2*d**2 + 3*d + 7. Calculate z(-2).
33
Let k(r) = -34*r - 16. Give k(-5).
154
Let w(y) = -y**2 + 2*y + 34. What is w(7)?
-1
Let g(o) = o**3 + 8*o**2 - 11*o - 36. Give g(-9).
-18
Let i(j) = j**3 + 10*j**2 - 3*j + 8. Determine i(-11).
-80
Let l(h) = h**3 + 2*h**2 - 10*h - 12. Give l(-4).
-4
Let s(q) = q**3 - 28*q**2 + 3*q - 66. What is s(28)?
18
Let u(r) = -2*r + 2. What is u(-2)?
6
Let h(t) = -2*t + 8. What is h(4)?
0
Let q(z) = 7*z + 11. Calculate q(-1).
4
Let i(s) = -s**3 + 12*s**2 - 11*s - 7. Calculate i(11).
-7
Let r(p) = 88*p + 6. Give r(0).
6
Let l(i) = 3*i**3 + 2. Calculate l(-2).
-22
Let j(z) = z**3 + 3*z**2 - 37*z - 11. Determine j(6).
91
Let p(w) = 8*w**3 + 2*w**2 + 2*w + 1. Determine p(-2).
-59
Let p(x) = x**2 - 13. What is p(3)?
-4
Let r(z) = -z**3 - z**2 + z + 1. Determine r(-1).
0
Let j(t) = -t**3 - 18*t**2 + 3*t + 51. What is j(-18)?
-3
Let x(j) = 3*j + 3. Give x(-1).
0
Let w(m) = -m**2 - 3*m + 8. Determine w(-6).
-10
Let j(m) = m**3 + 10*m**2 + 8*m - 1. Determine j(-9).
8
Let h(w) = w. Give h(-4).
-4
Let o(y) = y**3 - 17*y**2 - y + 11. What is o(17)?
-6
Let l(o) = o**3 - 3*o**2 - 9*o - 4. Calculate l(5).
1
Let o(u) = u**2 - 5*u - 9. Determine o(8).
15
Let d(l) = l**3 + 14*l**2 + 14*l + 10. Calculate d(-13).
-3
Let q(c) = -3*c - 5. What is q(-3)?
4
Let j(l) = l**2 + 10*l - 2. Give j(-7).
-23
Let z(p) = p**3 + p + 3. Determine z(0).
3
Let d(w) = -w**3. Calculate d(1).
-1
Let d(n) = n**3 + 13*n**2 + 23*n + 26. Give d(-11).
15
Let q(n) = -n**2 - 7*n - 4. Give q(-7).
-4
Let l(s) = 7*s - 15. Give l(3).
6
Let j(u) = -u**2 - 2*u + 6. Give j(-5).
-9
Let r(y) = -y**3 - 5*y**2 - y + 9. What is r(-5)?
14
Let u(c) = 62*c**2 - 3*c - 2. Give u(-1).
63
Let a(k) = -9*k - 5. Determine a(-1).
4
Let z(l) = -l**2 - 2*l + 3. What is z(0)?
3
Let l(y) = y**3 + 22*y**2 - 20*y + 65. Determine l(-23).
-4
Let k(d) = d + 3. Calculate k(9).
12
Let q(g) = 31*g + 1. Determine q(-1).
-30
Let h(n) = n**2 - 8*n + 1. Determine h(6).
-11
Let r(i) = i**2 - 28*i - 32. Calculate r(29).
-3
Let b(a) = a**2 + 13*a + 32. Determine b(-9).
-4
Let v(o) = o**2 - 14*o - 1. Give v(14).
-1
Let z(y) = -y**2 + 3*y + 5. Calculate z(-2).
-5
Let t(m) = 2*m**2 - 17*m + 21. What is t(6)?
-9
Let y(z) = -z**3 - 3*z**2 + 4*z + 1. Give y(-4).
1
Let z(g) = -g**3 + 6*g**2 + 9*g - 5. Calculate z(8).
-61
Let d(o) = -5*o + 20. Determine d(4).
0
Let u(q) = -19*q**3 - 2*q**2 - 4*q - 11. Determine u(-2).
141
Let k(s) = s**3 - 23*s**2 + 2*s - 52. Determine k(23).
-6
Let q(x) = -x**3 - 3*x**2 + 2*x - 1. What is q(-2)?
-9
Let x(s) = s**3 + 2*s**2 - 54. What is x(0)?
-54
Let t(p) = -3*p. Determine t(0).
0
Let b(g) = g. Determine b(11).
11
Let k(f) = -41*f + 46. What is k(2)?
-36
Let k(l) = -l**3 + 5*l**2 + 7*l + 2. Calculate k(6).
8
Let w(b) = 7*b + 8. Give w(-6).
-34
Let r(h) = 4*h**3 + h**2 + h + 2. Determine r(-1).
-2
Let f(j) = j**3 + 8*j**2 + j + 15. What is f(-8)?
7
Let x(y) = 8*y + 32. Determine x(-5).
-8
Let k(t) = 2*t - 12. Determine k(15).
18
Let j(l) = -l**3 + 3*l**2 + 11*l + 3. Give j(5).
8
Let v(a) = -a**2 + 5*a - 5. Determine v(7).
-19
Let p(d) = -d**3 + 18*d**2 - 19*d + 38. Calculate p(17).
4
Let y(a) = a**2 - 12*a - 32. Determine y(-3).
13
Let z(p) = 17*p**3 - 100*p**2 - 15*p + 24. What is z(6)?
6
Let a(s) = -3*s + 21. Calculate a(5).
6
Let l(s) = 2*s**2 + 16*s + 6. Calculate l(-7).
-8
Let s(a) = 8*a + 104. Calculate s(-12).
8
Let u(v) = v**3 + 9*v**2 + 5*v - 11. What is u(-8)?
13
Let l(k) = k**3 - 5*k**2 + 5*k + 4. What is l(4)?
8
Let s(c) = c**2 - 9*c - 4. Give s(7).
-18
Let c(d) = -2*d**2 + 35*d + 20. Give c(18).
2
Let x(i) = -16*i + 174. Calculate x(11).
-2
Let x(q) = q**3 + 2*q**2 - q - 2. What is x(-2)?
0
Let j(d) = -d**3 - 7*d**2 + 12. Give j(-5).
-38
Let d(j) = -j**2 - 24*j - 97. What is d(-17)?
22
Let i(w) = 7*w**2 - 8*w - 7. Give i(4).
73
Let v(o) = 5*o**3 + 2*o**2 + o + 16. Determine v(0).
16
Let d(j) = j**2 - 23*j - 19. Calculate d(24).
5
Let u(z) = -17*z + 94. Give u(6).
-8
Let b(o) = o**3 - 7*o**2 + 10*o + 8. Give b(5).
8
Let j(d) = -d**3 - 9*d**2 - 1. Calculate j(-9).
-1
Let j(a) = -a**3 + 8*a**2 - 4. Give j(8).
-4
Let v(k) = -12*k**2 - 3*k - 2. What is v(-2)?
-44
Let d(t) = t - 8. Give d(-4).
-12
Let z(b) = b**3 + 8*b**2 - 9*b - 5. What is z(-9)?
-5
Let z(y) = y**3 + 14*y**2 + 18*y + 47. Give z(-13).
-18
Let r(y) = y**3 - 23*y**2 - 50*y - 33. What is r(25)?
-33
Let r(p) = p**3 + 5*p**2 - 9*p - 15. What is r(-6)?
3
Let s(r) = 3*r**2 - 6*r + 1. Calculate s(7).
106
Let s(g) = g**2 - 5*g + 5. What is s(4)?
1
Let m(f) = f**3 - 13*f**2 + f - 2. Give m(13).
11
Let v(d) = -d**2 + 20*d - 24. What is v(19)?
-5
Let b(n) = 20*n**2 - n + 1. Calculate b(1).
20
Let m(q) = -9*q - 91. Give m(-9).
-10
Let b(o) = -o**2 - 7*o - 12. Calculate b(-7).
-12
Let u(f) = -6*f + 8. Calculate u(-8).
56
Let h(m) = 15*m + 178. What is h(-9)?
43
Let t(z) = -2*z**2 - 77*z + 153. Determine t(2).
-9
Let v(w) = w. Determine v(13).
13
Let t(z) = z**3 - 13*z**2 - 19*z + 18. Calculate t(14).
-52
Let u(b) = b**3 + 6*b**2 + 3*b + 66. Determine u(-7).
-4
Let n(p) = -3*p - 1. What is n(8)?
-25
Let b(y) = -20*y + 13. Calculate b(1).
-7
Let j(w) = -w**3 + 9*w**2 - 17*w - 21. Calculate j(5).
-6
Let t(b) = 43*b - 146. Determine t(3).
-17
Let f(a) = 3*a**2 + 56*a + 26. Calculate f(-18).
-10
Let u(f) = 3*f**2 - 4*f + 6. Determine u(2).
10
Let w(n) = -5*n - 18. Give w(-20).
82
Let h(m) = m - 18. Determine h(17).
-1
Let f(x) = -2*x**2 + 8*x + 5. Give f(6).
-19
Let y(j) = -5*j**2 - 9*j - 22. Determine y(-5).
-102
Let c(o) = -3*o**2 - 8*o - 1. Give c(-3).
-4
Let b(m) = -m**2 + 17*m - 10. Calculate b(16).
6
Let s(h) = -h**3 - 8*h**2 + 3*h + 14. Calculate s(-7).
-56
Let u(r) = 3*r**2 - 33*r - 23. Calculate u(12).
13
Let l(n) = n**2 + 21*n - 2. Calculate l(-23).
44
Let q(b) = -2*b**2 + 12*b - 50. Give q(7).
-64
Let w(n) = -n**2 - 9*n - 6. What is w(-8)?
2
Let j(g) = -2*g**2 + 5*g + 2. Give j(5).
-23
Let b(y) = -y**2 - 4*y - 2. Give b(-2).
2
Let z(p) = p**2 + 5*p - 23. What is z(-17)?
181
Let g(c) = 3*c**3 + c**2 + c + 1. What is g(-1)?
-2
Let v(j) = -4*j - 37. What is v(-6)?
-13
Let h(m) = -m - 29. Give h(-11).
-18
Let l(q) = -q**3 - 8*q**2 - 2*q + 9. Calculate l(-8).
25
Let g(r) = 6*r**2 + 23*r - 2. What is g(-3)?
-17
Let i(d) = 12*d - 253. Give i(20).
-13
Let s(g) = -114*g + 13. Calculate s(0).
13
Let c(h) = h**3 + 6*h**2 - 2*h - 1. What is c(-5)?
34
Let h(d) = d**3 - d**2 + d - 3. What is h(0)?
-3
Let p(l) = -l**2 - 23*l + 14. Determine p(-24).
-10
Let v(o) = -o**3 + 21*o**2 - 40*o + 27. Calculate v(19).
-11
Let o(a) = 28*a - 478. Determine o(17).
-2
Let h(t) = -5*t - 29. Calculate h(-6).
1
Let n(r) = 13*r - 2. Determine n(3).
37
Let v(j) = -j**3 + 62*j**2 + 194*j + 69. What is v(65)?
4
Let z(l) = -l**3 - 30*l**2 - 27*l + 52. Determine z(-29).
-6
Let x(a) = -4*a**2 + 56*a + 2. What is x(14)?
2
Let o(v) = 8*v**2 - 30*v + 31. Calculate o(1).
9
Let b(j) = -j**3 + 7*j**2 - 3. What is b(5)?
47
Let f(g) = g**3 - 3*g**2 - 8*g + 12. Give f(5).
22
Let k(m) = -5*m + 7. What is k(-5)?
32
Let w(c) = -10*c + 2. Give w(-3).
32
Let k(g) = 2*g**3 + g**2 - 3*g + 2. What is k(2)?
16
Let m(b) = -5*b**2 - 90*b + 19. Give m(-18).
19
Let b(w) = 13*w**2 - 20*w - 6. Give b(2).
6
Let g(t) = 4*t**2 - 2*t - 15. Determine g(3).
15
Let t(x) = -x**2 + 11*x - 16. Determine t(9).
2
Let t(u) = -u**2 - 4*u + 31. Calculate t(-8).
-1
Let l(j) = -j**2 + 2*j + 3. What is l(4)?
-5
Let z(u) = -u**3 - 15*u**2 - 13*u + 5. Calculate z(-14).
-9
Let g(q) = q**2 - 4*q - 4. Determine g(5).
1
Let u(b) = b**3 + 7*b**2 - 22*b - 4. Calculate u(-9).
32
Let s(f) = -f**3 + 10*f**2 - 6*f. Calculate s(9).
27
Let d(x) = -x**3 - 15*x**2 - 43*x - 3. Calculate d(-4).
-7
Let z(c) = 4*c - 3. Determine z(-1).
-7
Let g(n) = -n**3 - 8*n**2 - 2*n - 7. Determine g(-8).
9
Let s(u) = 28*u - 1. Determine s(1).
27
Let s(r) = -7*r + 244. Calculate s(37).
-15
Let x(v) = -82*v + 15. What is x(2)?
-149
Let g(v)